hen 1472 is divided by 1454?
18
What is the remainder when 32956 is divided by 103?
99
What is the remainder when 732 is divided by 36?
12
Calculate the remainder when 333 is divided by 86.
75
Calculate the remainder when 247 is divided by 37.
25
What is the remainder when 711 is divided by 355?
1
What is the remainder when 363 is divided by 85?
23
Calculate the remainder when 193 is divided by 24.
1
Calculate the remainder when 1531 is divided by 149.
41
What is the remainder when 12814 is divided by 4?
2
Calculate the remainder when 102 is divided by 8.
6
Calculate the remainder when 596 is divided by 25.
21
What is the remainder when 1594 is divided by 11?
10
What is the remainder when 337 is divided by 38?
33
Calculate the remainder when 55 is divided by 8.
7
Calculate the remainder when 2004 is divided by 117.
15
What is the remainder when 217 is divided by 96?
25
What is the remainder when 106 is divided by 31?
13
What is the remainder when 165 is divided by 30?
15
What is the remainder when 436 is divided by 395?
41
What is the remainder when 23 is divided by 4?
3
Calculate the remainder when 460 is divided by 22.
20
Calculate the remainder when 53 is divided by 21.
11
Calculate the remainder when 121 is divided by 7.
2
What is the remainder when 3618 is divided by 25?
18
What is the remainder when 2936 is divided by 58?
36
Calculate the remainder when 3684 is divided by 24.
12
What is the remainder when 243 is divided by 41?
38
What is the remainder when 5436 is divided by 34?
30
Calculate the remainder when 1461 is divided by 288.
21
What is the remainder when 126 is divided by 35?
21
Calculate the remainder when 1766 is divided by 13.
11
Calculate the remainder when 829 is divided by 278.
273
Calculate the remainder when 193 is divided by 3.
1
What is the remainder when 35 is divided by 27?
8
What is the remainder when 2631 is divided by 139?
129
Calculate the remainder when 165 is divided by 7.
4
Calculate the remainder when 4863 is divided by 15.
3
Calculate the remainder when 18056 is divided by 28.
24
What is the remainder when 11 is divided by 6?
5
What is the remainder when 5576 is divided by 9?
5
Calculate the remainder when 447 is divided by 18.
15
What is the remainder when 3687 is divided by 13?
8
What is the remainder when 4881 is divided by 1627?
0
What is the remainder when 935 is divided by 466?
3
Calculate the remainder when 126 is divided by 3.
0
What is the remainder when 1625 is divided by 16?
9
What is the remainder when 1212 is divided by 401?
9
What is the remainder when 196 is divided by 40?
36
Calculate the remainder when 1101 is divided by 84.
9
What is the remainder when 634 is divided by 6?
4
Calculate the remainder when 47 is divided by 31.
16
What is the remainder when 82 is divided by 52?
30
What is the remainder when 853 is divided by 61?
60
What is the remainder when 173 is divided by 76?
21
What is the remainder when 795 is divided by 38?
35
What is the remainder when 428 is divided by 48?
44
What is the remainder when 1467 is divided by 70?
67
Calculate the remainder when 1357 is divided by 41.
4
What is the remainder when 606 is divided by 12?
6
What is the remainder when 5394 is divided by 5388?
6
What is the remainder when 1135 is divided by 90?
55
What is the remainder when 180 is divided by 7?
5
Calculate the remainder when 6280 is divided by 1256.
0
What is the remainder when 203 is divided by 5?
3
What is the remainder when 415 is divided by 10?
5
Calculate the remainder when 4550 is divided by 123.
122
Calculate the remainder when 2559 is divided by 13.
11
Calculate the remainder when 129 is divided by 26.
25
Calculate the remainder when 249 is divided by 17.
11
Calculate the remainder when 69 is divided by 2.
1
Calculate the remainder when 4358 is divided by 1086.
14
What is the remainder when 506 is divided by 13?
12
Calculate the remainder when 6969 is divided by 17.
16
What is the remainder when 387 is divided by 15?
12
Calculate the remainder when 521 is divided by 65.
1
Calculate the remainder when 145 is divided by 142.
3
What is the remainder when 2105 is divided by 81?
80
What is the remainder when 267 is divided by 60?
27
What is the remainder when 74039 is divided by 19?
15
Calculate the remainder when 111 is divided by 34.
9
What is the remainder when 238 is divided by 61?
55
What is the remainder when 169 is divided by 57?
55
Calculate the remainder when 251 is divided by 17.
13
Calculate the remainder when 247 is divided by 64.
55
What is the remainder when 225 is divided by 33?
27
What is the remainder when 16378 is divided by 20?
18
Calculate the remainder when 279 is divided by 20.
19
Calculate the remainder when 187 is divided by 172.
15
Calculate the remainder when 1288 is divided by 108.
100
What is the remainder when 202 is divided by 32?
10
What is the remainder when 88 is divided by 46?
42
What is the remainder when 243 is divided by 112?
19
Calculate the remainder when 76 is divided by 3.
1
What is the remainder when 349 is divided by 39?
37
What is the remainder when 183 is divided by 46?
45
Calculate the remainder when 408 is divided by 82.
80
What is the remainder when 5312 is divided by 21?
20
Calculate the remainder when 161 is divided by 75.
11
What is the remainder when 1243 is divided by 12?
7
Calculate the remainder when 299 is divided by 38.
33
Calculate the remainder when 498 is divided by 13.
4
Calculate the remainder when 380 is divided by 65.
55
Calculate the remainder when 211 is divided by 38.
21
What is the remainder when 1037 is divided by 95?
87
Calculate the remainder when 95 is divided by 19.
0
Calculate the remainder when 45 is divided by 25.
20
Calculate the remainder when 247 is divided by 50.
47
What is the remainder when 468 is divided by 160?
148
What is the remainder when 690 is divided by 33?
30
Calculate the remainder when 1130 is divided by 11.
8
What is the remainder when 14795 is divided by 80?
75
Calculate the remainder when 23642 is divided by 111.
110
Calculate the remainder when 251 is divided by 43.
36
What is the remainder when 275 is divided by 47?
40
What is the remainder when 242 is divided by 31?
25
Calculate the remainder when 161 is divided by 24.
17
What is the remainder when 1952 is divided by 31?
30
What is the remainder when 1729 is divided by 146?
123
What is the remainder when 1074 is divided by 220?
194
Calculate the remainder when 2125 is divided by 16.
13
What is the remainder when 98 is divided by 27?
17
Calculate the remainder when 451 is divided by 125.
76
What is the remainder when 1043 is divided by 368?
307
Calculate the remainder when 392 is divided by 82.
64
Calculate the remainder when 240 is divided by 104.
32
What is the remainder when 653 is divided by 102?
41
Calculate the remainder when 257 is divided by 248.
9
What is the remainder when 1947 is divided by 7?
1
What is the remainder when 261 is divided by 70?
51
What is the remainder when 38183 is divided by 122?
119
What is the remainder when 2015 is divided by 72?
71
Calculate the remainder when 1212 is divided by 151.
4
Calculate the remainder when 982 is divided by 3.
1
Calculate the remainder when 37 is divided by 12.
1
Calculate the remainder when 1273 is divided by 183.
175
What is the remainder when 4387 is divided by 72?
67
What is the remainder when 98 is divided by 50?
48
What is the remainder when 2175 is divided by 121?
118
What is the remainder when 151 is divided by 35?
11
Calculate the remainder when 632 is divided by 191.
59
Calculate the remainder when 245 is divided by 28.
21
What is the remainder when 284 is divided by 17?
12
What is the remainder when 1487 is divided by 97?
32
What is the remainder when 1339 is divided by 9?
7
Calculate the remainder when 1731 is divided by 28.
23
Calculate the remainder when 1595 is divided by 789.
17
Calculate the remainder when 927 is divided by 454.
19
What is the remainder when 209 is divided by 61?
26
What is the remainder when 1284 is divided by 17?
9
Calculate the remainder when 241 is divided by 33.
10
Calculate the remainder when 1188 is divided by 256.
164
What is the remainder when 9 is divided by 9?
0
Calculate the remainder when 369 is divided by 189.
180
Calculate the remainder w